 the prime factors of g.
2
Suppose 0*f - 36 = -f. What are the prime factors of 297/f*8/3?
2, 11
Suppose 0 = 2*b - 13 - 13. Suppose -5 + b = -2*x. Let o = x - -14. What are the prime factors of o?
2, 5
Suppose -12*v - 890 = -17*v. List the prime factors of v.
2, 89
Suppose -h = 2*s - 3*s - 60, 2*h = -2*s + 108. List the prime factors of h.
3, 19
Let y(a) = 13*a**2 - 7*a - 24. List the prime factors of y(-5).
2, 3, 7
Suppose d + 4*p - 1 + 3 = 0, 0 = -3*p - 3. Suppose 2*f - 2 = -j, -j - 14 = 4*j + d*f. Let q(l) = l**3 + 4*l**2 - l + 3. List the prime factors of q(j).
7
Let c(r) be the second derivative of -r**4/12 - 7*r**3/6 + r**2 + r. List the prime factors of c(-5).
2, 3
Suppose 13*r - 468 = -39. List the prime factors of r.
3, 11
Let d be 9 + ((-4)/(-2) - 1). Let n(m) = m + 7. Let u be n(8). Suppose d*k = 5*k + u. What are the prime factors of k?
3
Suppose 0 = 3*y - 5*q - 19, -2*y - 2*y + 3*q = -18. Suppose -y*d + 3 - 6 = -3*h, -3*d - 4*h = -4. Suppose d = -2*f + 39 - 15. List the prime factors of f.
2, 3
Let n(y) = 5*y. Let p be n(1). Let u = p - 2. Suppose f = -2*r - u*f + 24, 4*r - 48 = -3*f. What are the prime factors of r?
2, 3
Suppose 96 = 3*z - 3*k, 5*z + 2*k - 164 = 5*k. List the prime factors of z.
2, 17
Let s(p) = -p**3 - 4*p**2 + 2. Let v be s(-4). Suppose -8 + 28 = v*f. What are the prime factors of f?
2, 5
Suppose u - 2*k - 238 = -2*u, 0 = 3*k + 15. List the prime factors of 6/3 - u/(-4).
3, 7
Let s(i) = -i**3 + 7*i**2 + 2*i - 10. What are the prime factors of s(7)?
2
Suppose 0 = a + 4, 2*t + a + a + 8 = 0. Let g be 9/(t - (-9)/12). List the prime factors of 75/g + (-2)/8.
2, 3
Let x = -6 + 6. Suppose -3*n - h + 3*h - 16 = x, -5*h + 13 = -3*n. Let r = 16 + n. List the prime factors of r.
2, 5
Suppose -2*m + 66 = m. Suppose m + 2 = -3*r. Let y = r + 16. What are the prime factors of y?
2
Suppose -2*z = 3*r - 56, 10*r - 5*r = -20. Let c = z - 22. List the prime factors of c.
2, 3
Let q(g) be the first derivative of g**5/120 + 17*g**4/24 + g**3/3 - 2. Let h(f) be the third derivative of q(f). List the prime factors of h(0).
17
Suppose -4*a + 113 = -3. List the prime factors of a.
29
Let g = -179 + 252. Suppose 0 = 2*s + 3*m - g, 2*s = s - m + 36. What are the prime factors of s?
5, 7
Let c(w) = 3*w**2 + 6*w. Let u be (-21)/6 + 3/(-6). List the prime factors of c(u).
2, 3
Let r be (0 + 4 - 6) + 2. Let x be (-1)/(-3) + (-32)/(-3). Suppose -2*i + 23 + x = r. List the prime factors of i.
17
Let v(t) = t**2 + 5*t - 17. List the prime factors of v(9).
109
Suppose -7*i + 2*i = -135. What are the prime factors of i?
3
Let u = 7 - -13. Let b(y) = -2*y - 4. Let f be b(5). Let d = u + f. What are the prime factors of d?
2, 3
Suppose -4*p = -0*p - 16. Suppose -2*o + y = 31, p*o - 4*y + 76 = -o. List the prime factors of (-164)/o - (-1)/(-4).
2, 5
Suppose -4*v = -2*u - 61 + 219, -4*v - 4 = 0. List the prime factors of u.
7, 11
Suppose -5*d = -2*k + 59, 0*d - d = -4*k + 91. Let m = k - 10. What are the prime factors of m?
2, 3
Let t(u) = -2*u + 6. Let f(k) = k - 7. Let p(j) = 4*f(j) + 5*t(j). List the prime factors of p(-2).
2, 7
Let m be 25/10*12/(-10). Let x(s) = -3*s**3 + s**2 + 4*s + 4. Let j be x(m). List the prime factors of 16/(-104) - j/(-26).
3
Let v = -100 + 225. List the prime factors of v.
5
Suppose a + 7 = -2. Let l be (-1)/(-3) + (-6)/a. Suppose 2*y = z - l - 8, -5*y - 17 = -2*z. List the prime factors of z.
11
Let g(j) = -3*j - 5. Suppose 2*k - 3*i = -0 - 9, -4*k - i = -17. Suppose 3 = -d - a, 0 = -d - k*a - 1. List the prime factors of g(d).
7
Let f(v) = -15*v - 11*v**2 - 4 - 3*v**3 - 6 + 2*v**3. Let c be f(-10). Suppose 8*j - 3*j = c. What are the prime factors of j?
2
Suppose -3*j - 31 = 80. Let b = 69 + j. Let n = b - 20. List the prime factors of n.
2, 3
Let y(i) be the second derivative of i + 0 - 1/6*i**3 + i**2. What are the prime factors of y(-3)?
5
Suppose 0 = w - 3*w - 36. Let l = -6 - w. What are the prime factors of l?
2, 3
Let d(k) = k**2 - 8*k + 4. Let p be d(5). Let j be (-2)/8 + p/4. What are the prime factors of (2/j)/((-2)/18)?
2, 3
What are the prime factors of 0/(0 - 3) - -25?
5
Let n(r) = 12*r**2 - 5*r - 9. List the prime factors of n(-3).
2, 3, 19
Let j(s) = 3*s - 3. Let o be j(2). Suppose -2*y - 5*d = -0*y - 45, o*y + d = 61. What are the prime factors of y?
2, 5
Suppose 2*h + 10 = 0, -5*q - h + 385 = -3*h. List the prime factors of q.
3, 5
Suppose 113 - 17 = 3*u. What are the prime factors of 0 + -1 + 1*u?
31
Let m be 4/(-8) - 393/(-6). Let i = -35 + m. What are the prime factors of i?
2, 3, 5
Let m(j) = -j + 9. Let d be m(4). Suppose -4*i - d = -5*i. What are the prime factors of i?
5
Let u be (-8)/4 - (-112)/2. Suppose -p - 2*p + 12 = 0. What are the prime factors of ((-2)/(-3))/(p/u)?
3
List the prime factors of (-1)/6 - 110/(-12).
3
Let b(u) = u**2 - 1. Let m be b(2). Suppose m + 6 = l. List the prime factors of l.
3
Let j(h) = -h**3 - 9*h**2 - 12*h - 9. List the prime factors of j(-8).
23
Let q(h) = -2*h + 3*h**2 + h + 0*h. Let a be (-2 + 0)/(-1 - 0). List the prime factors of q(a).
2, 5
Suppose 87 = -t + 4*t. Let z = t - -17. List the prime factors of z.
2, 23
Let k(p) = -5*p. Let h be k(4). Let g be (-22)/h*4*-5. Let s = -13 - g. List the prime factors of s.
3
Suppose -b - 2*g = -4*b - 13, 4*g - 19 = -b. Suppose t - h = 2*t + 8, 31 = -5*t - 2*h. Let j = b - t. List the prime factors of j.
2
Suppose 0 = 3*t - t - 156. List the prime factors of (2 + 0)/4*t.
3, 13
Let v(i) = i**3 - 4*i**2 - 6*i - 5. Let r be v(5). List the prime factors of 66/4*r/(-15).
11
Let d(w) = -15*w**2 + 16*w**2 + 19*w - 3 - 6*w. Let v be d(-13). Let t(f) = f**2 - f + 1. List the prime factors of t(v).
13
List the prime factors of ((-1)/1)/(2/(-86)).
43
Suppose -7*j + 3*j + 20 = 0. Suppose 3*p + 2*p - 5*l = -10, j*l = -10. List the prime factors of 8 - p/2*-1.
2, 3
Let u(k) = k**2 + 6*k + 3. Let m be u(-6). Suppose -4*y + 15 = m*t, -2*t = -2*y + 3 + 1. What are the prime factors of y?
3
Let f(c) = c**3 + 7*c**2 + 7*c + 5. Let y be f(-6). Let v be (-1 - y) + (-4)/(-2). Suppose -r + 15 = v*z, 3*z - 3*r - 25 = -2*r. List the prime factors of z.
2
What are the prime factors of (-79)/(-11) - 12/66?
7
Let a(y) = -y**3 - 4*y + 2. Let n be a(3). Let k = -22 - n. List the prime factors of k.
3, 5
Let l = 14 - 9. Let d(h) = 7*h**2 - 2*h - 4. Let t(b) = -6*b**2 + 2*b + 4. Let q(y) = -5*d(y) - 6*t(y). List the prime factors of q(l).
11
Let r(u) = -u**3 - 10*u**2 + 12*u + 15. Let o = 15 + -26. Let x be r(o). Suppose 0*h + 2*h + 69 = 5*m, x*h + 8 = 0. What are the prime factors of m?
13
Let w(m) = 2 + m + 1 + 1 + 1. List the prime factors of w(6).
11
Let l = 181 + -1. List the prime factors of l.
2, 3, 5
Let y = 216 + -116. List the prime factors of y.
2, 5
Let m(t) = -37*t. Let l be m(-1). Suppose -r + 27 = x - 4*r, 2*r - l = -3*x. What are the prime factors of x?
3, 5
Let v be (-79)/11 - (-4)/22. Let g = v + 4. What are the prime factors of g*((-14)/6 - 1)?
2, 5
Let q(r) = 33*r**2 - 2*r + 1. Let f be q(1). Suppose f = 2*h + 2*h. What are the prime factors of h?
2
Suppose -2*q = -5*s - 328 + 50, -442 = -3*q - 5*s. What are the prime factors of q/14 - 2/7?
2, 5
Let d(o) = 10*o**3 - o**2 - 2*o + 3. Let a = 12 + -8. Let w(q) = 19*q**3 - 2*q**2 - 4*q + 7. Let f(l) = a*w(l) - 9*d(l). List the prime factors of f(-1).
2, 7
Let j(x) = 19*x + 21. List the prime factors of j(10).
211
Let z(c) = -47*c + 25. What are the prime factors of z(-6)?
307
Suppose -2*b + 4*b = 0. List the prime factors of -2 - (b + -1) - -13.
2, 3
Let t be 92 + 1*(-5 - -3). What are the prime factors of (-6)/(-6) + t/3?
31
List the prime factors of 125 + (-6 - -2) + 4.
5
Let l(u) be the first derivative of 0*u**2 + u + 1 + 8/3*u**3. What are the prime factors of l(1)?
3
Let t = 33 + -31. Suppose f = -3*f + 8. Suppose 50 = 4*r + f*s, -3*s + 17 = 2*r - t. List the prime factors of r.
2, 7
Let o be (18/(-3))/1 + 1. What are the prime factors of (-26)/(-4)*(o - -7)?
13
Let c(j) = 3*j - 3. Let d = 8 - 1. What are the prime factors of c(d)?
2, 3
Suppose -4*p - 4*s + 28 = 0, -2*s + 6 + 4 = 0. Let m(v) = -4*v - 3 + p*v + 1. List the prime factors of m(-3).
2
List the prime factors of -6*(-3 + 155)/(-4).
2, 3, 19
Let a be (3/(-2))/((-1)/(-6)). Let d be (-2)/(-3) + 12/9. Let z = d -